 thousands digit of 135810036?
1
What is the units digit of 97461050?
0
What is the thousands digit of 10369760?
9
What is the tens digit of 15764659?
5
What is the millions digit of 5949034?
5
What is the hundred millions digit of 116915249?
1
What is the ten thousands digit of 274568805?
6
What is the thousands digit of 56429912?
9
What is the millions digit of 114186924?
4
What is the tens digit of 58135522?
2
What is the hundred thousands digit of 58891301?
8
What is the units digit of 145442908?
8
What is the tens digit of 1747169256?
5
What is the tens digit of 4252041576?
7
What is the ten millions digit of 304613231?
0
What is the hundreds digit of 3496205187?
1
What is the hundred millions digit of 949023575?
9
What is the thousands digit of 113138227?
8
What is the thousands digit of 40815182?
5
What is the hundreds digit of 116059274?
2
What is the ten millions digit of 873026776?
7
What is the units digit of 165292647?
7
What is the tens digit of 64164003?
0
What is the hundred millions digit of 729517868?
7
What is the units digit of 44983545?
5
What is the billions digit of 2193401964?
2
What is the hundreds digit of 135116955?
9
What is the ten thousands digit of 58831247?
3
What is the hundred millions digit of 806791812?
8
What is the billions digit of 7145573160?
7
What is the hundreds digit of 1652439253?
2
What is the thousands digit of 139808547?
8
What is the millions digit of 20134170?
0
What is the ten thousands digit of 49523207?
2
What is the units digit of 26918454?
4
What is the millions digit of 147284662?
7
What is the hundred millions digit of 121827834?
1
What is the hundred millions digit of 162500153?
1
What is the millions digit of 90479501?
0
What is the thousands digit of 261402183?
2
What is the thousands digit of 152970074?
0
What is the ten millions digit of 911083623?
1
What is the units digit of 30430011?
1
What is the millions digit of 7503850?
7
What is the ten thousands digit of 21995467?
9
What is the hundreds digit of 173949595?
5
What is the billions digit of 1941519392?
1
What is the ten millions digit of 180455484?
8
What is the thousands digit of 708187430?
7
What is the tens digit of 874783277?
7
What is the hundred millions digit of 139889587?
1
What is the units digit of 42728227?
7
What is the tens digit of 27537558?
5
What is the tens digit of 716984822?
2
What is the hundred thousands digit of 44694949?
6
What is the hundred millions digit of 2016537702?
0
What is the millions digit of 5249687133?
9
What is the ten millions digit of 40312955?
4
What is the tens digit of 53318205?
0
What is the hundred thousands digit of 901574582?
5
What is the ten millions digit of 518509276?
1
What is the thousands digit of 61425341?
5
What is the units digit of 135042670?
0
What is the hundred thousands digit of 61909737?
9
What is the hundred thousands digit of 11055501?
0
What is the thousands digit of 2110393364?
3
What is the ten thousands digit of 33339166?
3
What is the units digit of 26350309?
9
What is the millions digit of 63613819?
3
What is the hundreds digit of 6351048427?
4
What is the ten thousands digit of 40097739?
9
What is the hundred thousands digit of 291511289?
5
What is the ten thousands digit of 32653075?
5
What is the tens digit of 1468875646?
4
What is the hundred millions digit of 266421573?
2
What is the ten thousands digit of 1611584229?
8
What is the hundred thousands digit of 14616854?
6
What is the millions digit of 99334096?
9
What is the ten millions digit of 24101709?
2
What is the hundred thousands digit of 43774919?
7
What is the ten millions digit of 2149921188?
4
What is the hundreds digit of 790813533?
5
What is the ten millions digit of 1957158391?
5
What is the units digit of 2389503812?
2
What is the ten millions digit of 522943185?
2
What is the millions digit of 4134878822?
4
What is the hundred millions digit of 1695839330?
6
What is the tens digit of 146511351?
5
What is the hundred thousands digit of 95835589?
8
What is the hundred thousands digit of 407704799?
7
What is the hundreds digit of 76307466?
4
What is the ten thousands digit of 454618656?
1
What is the hundred thousands digit of 1824752756?
7
What is the millions digit of 71917216?
1
What is the hundreds digit of 3057310914?
9
What is the billions digit of 1454478097?
1
What is the millions digit of 4900291625?
0
What is the ten thousands digit of 2142851390?
5
What is the ten thousands digit of 198707851?
0
What is the units digit of 28834303?
3
What is the hundreds digit of 25921317?
3
What is the hundred millions digit of 255501821?
2
What is the hundred thousands digit of 846800011?
8
What is the hundred thousands digit of 1676342322?
3
What is the ten thousands digit of 1212209095?
0
What is the ten millions digit of 361985399?
6
What is the units digit of 520069653?
3
What is the hundred thousands digit of 12019465?
0
What is the hundred thousands digit of 2397246?
3
What is the tens digit of 501966198?
9
What is the hundred millions digit of 1861430718?
8
What is the millions digit of 578504530?
8
What is the thousands digit of 3291220125?
0
What is the ten millions digit of 266280198?
6
What is the hundreds digit of 2368858659?
6
What is the ten millions digit of 354930050?
5
What is the hundred millions digit of 3667632436?
6
What is the ten thousands digit of 374363789?
6
What is the billions digit of 3338427788?
3
What is the billions digit of 2158056637?
2
What is the tens digit of 96176463?
6
What is the millions digit of 922094418?
2
What is the tens digit of 1988801638?
3
What is the ten millions digit of 214653837?
1
What is the millions digit of 26018562?
6
What is the hundred thousands digit of 52817531?
8
What is the thousands digit of 8562245?
2
What is the thousands digit of 121757268?
7
What is the hundred thousands digit of 61936365?
9
What is the millions digit of 394720410?
4
What is the tens digit of 4579374899?
9
What is the hundred millions digit of 209161292?
2
What is the ten millions digit of 20583480?
2
What is the ten thousands digit of 625866863?
6
What is the units digit of 951725280?
0
What is the hundred thousands digit of 44454825?
4
What is the thousands digit of 93958201?
8
What is the tens digit of 50133407?
0
What is the ten thousands digit of 1530076787?
7
What is the billions digit of 2058433151?
2
What is the hundred thousands digit of 30756776?
7
What is the tens digit of 351259721?
2
What is the thousands digit of 3330380997?
0
What is the hundred thousands digit of 208572582?
5
What is the hundred thousands digit of 129040493?
0
What is the units digit of 31740990?
0
What is the thousands digit of 25517129?
7
What is the ten thousands digit of 859268529?
6
What is the millions digit of 832109677?
2
What is the ten millions digit of 93943734?
9
What is the thousands digit of 157289708?
9
What is the units digit of 67177812?
2
What is the hundred millions digit of 3321219879?
3
What is the hundred millions digit of 108345903?
1
What is the millions digit of 1667777628?
7
What is the units digit of 1138731266?
6
What is the ten thousands digit of 8568575743?
7
What is the tens digit of 614860079?
7
What is the millions digit of 125564332?
5
What is the thousands digit of 2814506904?
6
What is the ten thousands digit of 46518121?
1
What is the ten millions digit of 44773624?
4
What is the ten millions digit of 118608618?
1
What is the hundreds digit of 40699650?
6
What is the millions digit of 492768363?
2
What is the hundred thousands digit of 413298586?
2
What is the hundred thousands digit of 5011277714?
2
What is the hundred millions digit of 152433720?
1
What is the ten millions digit of 50733997?
5
What is the thousands digit of 775047080?
7
What is the ten thousands digit of 20056149?
5
What is the millions digit of 60998261?
0
What is the ten millions digit of 655593612?
5
What is the billions digit of 1591899370?
1
What is the hundred thousands digit of 63949510?
9
What is the units digit of 57974466?
6
What is the millions digit of 612588077?
2
What is the hundred millions digit of 245793299?
2
What is the hundred millions digit of 6198549425?
1
What is the hundreds digit of 35994857?
8
What is the hundred millions digit of 1858489858?
